{"id":17,"date":"2020-07-16T10:27:14","date_gmt":"2020-07-16T10:27:14","guid":{"rendered":"http:\/\/diament17.pl\/?page_id=17"},"modified":"2023-11-15T19:33:14","modified_gmt":"2023-11-15T18:33:14","slug":"blog","status":"publish","type":"page","link":"https:\/\/diament17.pl\/?page_id=17","title":{"rendered":"Oferta"},"content":{"rendered":"\n<p class=\"has-large-font-size\">Zapraszamy na spotkania z alpakami&#8230;<\/p>\n\n\n\n<p><\/p>\n\n\n\n<p class=\"has-text-align-left has-normal-font-size\">Alpaki to niezwykle przyjazne i \u0142agodne zwierz\u0119ta z rodziny wielb\u0142\u0105dowatych. Kontakt z nimi pozytywnie wp\u0142ywa na cz\u0142owieka nie tylko ze wzgl\u0119du na ich sympatyczny wygl\u0105d i mi\u0119kk\u0105 we\u0142n\u0119, ale tak\u017ce dlatego, \u017ce aby nakarmi\u0107 zwierz\u0119 lub je pog\u0142aska\u0107, trzeba si\u0119 wewn\u0119trznie wyciszy\u0107 (alpaki s\u0105 p\u0142ochliwe i wyczuwaj\u0105 zdenerwowanie).<br>W ramach relaksu i poprawy nastroju zapraszamy na spotkania z alpakami. Wystarczy <a href=\"https:\/\/diament17.pl\/?page_id=16\">skontaktowa\u0107 si\u0119 z nami<\/a> (najlepiej z jednodniowym wyprzedzeniem) i um\u00f3wi\u0107 na pobyt w puchatej zagrodzie.<br>&nbsp;Do zobaczenia!<\/p>\n\n\n\n<div class=\"wp-block-jetpack-slideshow aligncenter\" data-autoplay=\"true\" data-delay=\"3\" data-effect=\"fade\"><div class=\"wp-block-jetpack-slideshow_container swiper-container\"><ul class=\"wp-block-jetpack-slideshow_swiper-wrapper swiper-wrapper\"><li class=\"wp-block-jetpack-slideshow_slide swiper-slide\"><figure><img decoding=\"async\" alt=\"\" class=\"wp-block-jetpack-slideshow_image wp-image-681\" data-id=\"681\" src=\"https:\/\/diament17.pl\/wp-content\/uploads\/2023\/11\/92A60374-91C4-47C7-814E-DABB8C9F26CC_1_201_a.heic\"\/><\/figure><\/li><li class=\"wp-block-jetpack-slideshow_slide swiper-slide\"><figure><img loading=\"lazy\" decoding=\"async\" width=\"576\" height=\"1024\" alt=\"\" class=\"wp-block-jetpack-slideshow_image wp-image-677\" data-id=\"677\" src=\"https:\/\/diament17.pl\/wp-content\/uploads\/2023\/11\/IMG_9446-576x1024.jpeg\" srcset=\"https:\/\/diament17.pl\/wp-content\/uploads\/2023\/11\/IMG_9446-576x1024.jpeg 576w, https:\/\/diament17.pl\/wp-content\/uploads\/2023\/11\/IMG_9446-169x300.jpeg 169w, https:\/\/diament17.pl\/wp-content\/uploads\/2023\/11\/IMG_9446-768x1365.jpeg 768w, https:\/\/diament17.pl\/wp-content\/uploads\/2023\/11\/IMG_9446-864x1536.jpeg 864w, https:\/\/diament17.pl\/wp-content\/uploads\/2023\/11\/IMG_9446-1152x2048.jpeg 1152w, https:\/\/diament17.pl\/wp-content\/uploads\/2023\/11\/IMG_9446-scaled.jpeg 1440w\" sizes=\"(max-width: 576px) 100vw, 576px\" \/><\/figure><\/li><li class=\"wp-block-jetpack-slideshow_slide swiper-slide\"><figure><img loading=\"lazy\" decoding=\"async\" width=\"1024\" height=\"681\" alt=\"\" class=\"wp-block-jetpack-slideshow_image wp-image-676\" data-id=\"676\" src=\"https:\/\/diament17.pl\/wp-content\/uploads\/2023\/11\/DSC_0008-1024x681.jpeg\" srcset=\"https:\/\/diament17.pl\/wp-content\/uploads\/2023\/11\/DSC_0008-1024x681.jpeg 1024w, https:\/\/diament17.pl\/wp-content\/uploads\/2023\/11\/DSC_0008-300x199.jpeg 300w, https:\/\/diament17.pl\/wp-content\/uploads\/2023\/11\/DSC_0008-768x511.jpeg 768w, https:\/\/diament17.pl\/wp-content\/uploads\/2023\/11\/DSC_0008-1536x1021.jpeg 1536w, https:\/\/diament17.pl\/wp-content\/uploads\/2023\/11\/DSC_0008-2048x1362.jpeg 2048w, https:\/\/diament17.pl\/wp-content\/uploads\/2023\/11\/DSC_0008-451x300.jpeg 451w\" sizes=\"(max-width: 1024px) 100vw, 1024px\" \/><\/figure><\/li><li class=\"wp-block-jetpack-slideshow_slide swiper-slide\"><figure><img loading=\"lazy\" decoding=\"async\" width=\"576\" height=\"1024\" alt=\"\" class=\"wp-block-jetpack-slideshow_image wp-image-674\" data-id=\"674\" src=\"https:\/\/diament17.pl\/wp-content\/uploads\/2023\/11\/IMG_9454-576x1024.jpeg\" srcset=\"https:\/\/diament17.pl\/wp-content\/uploads\/2023\/11\/IMG_9454-576x1024.jpeg 576w, https:\/\/diament17.pl\/wp-content\/uploads\/2023\/11\/IMG_9454-169x300.jpeg 169w, https:\/\/diament17.pl\/wp-content\/uploads\/2023\/11\/IMG_9454-768x1365.jpeg 768w, https:\/\/diament17.pl\/wp-content\/uploads\/2023\/11\/IMG_9454-864x1536.jpeg 864w, https:\/\/diament17.pl\/wp-content\/uploads\/2023\/11\/IMG_9454-1152x2048.jpeg 1152w, https:\/\/diament17.pl\/wp-content\/uploads\/2023\/11\/IMG_9454-scaled.jpeg 1440w\" sizes=\"(max-width: 576px) 100vw, 576px\" \/><\/figure><\/li><li class=\"wp-block-jetpack-slideshow_slide swiper-slide\"><figure><img loading=\"lazy\" decoding=\"async\" width=\"576\" height=\"1024\" alt=\"\" class=\"wp-block-jetpack-slideshow_image wp-image-673\" data-id=\"673\" src=\"https:\/\/diament17.pl\/wp-content\/uploads\/2023\/11\/IMG_9457-576x1024.jpeg\" srcset=\"https:\/\/diament17.pl\/wp-content\/uploads\/2023\/11\/IMG_9457-576x1024.jpeg 576w, https:\/\/diament17.pl\/wp-content\/uploads\/2023\/11\/IMG_9457-169x300.jpeg 169w, https:\/\/diament17.pl\/wp-content\/uploads\/2023\/11\/IMG_9457-768x1365.jpeg 768w, https:\/\/diament17.pl\/wp-content\/uploads\/2023\/11\/IMG_9457-864x1536.jpeg 864w, https:\/\/diament17.pl\/wp-content\/uploads\/2023\/11\/IMG_9457-1152x2048.jpeg 1152w, https:\/\/diament17.pl\/wp-content\/uploads\/2023\/11\/IMG_9457-scaled.jpeg 1440w\" sizes=\"(max-width: 576px) 100vw, 576px\" \/><\/figure><\/li><li class=\"wp-block-jetpack-slideshow_slide swiper-slide\"><figure><img loading=\"lazy\" decoding=\"async\" width=\"576\" height=\"1024\" alt=\"\" class=\"wp-block-jetpack-slideshow_image wp-image-672\" data-id=\"672\" src=\"https:\/\/diament17.pl\/wp-content\/uploads\/2023\/11\/IMG_9460-576x1024.jpeg\" srcset=\"https:\/\/diament17.pl\/wp-content\/uploads\/2023\/11\/IMG_9460-576x1024.jpeg 576w, https:\/\/diament17.pl\/wp-content\/uploads\/2023\/11\/IMG_9460-169x300.jpeg 169w, https:\/\/diament17.pl\/wp-content\/uploads\/2023\/11\/IMG_9460-768x1365.jpeg 768w, https:\/\/diament17.pl\/wp-content\/uploads\/2023\/11\/IMG_9460-864x1536.jpeg 864w, https:\/\/diament17.pl\/wp-content\/uploads\/2023\/11\/IMG_9460-1152x2048.jpeg 1152w, https:\/\/diament17.pl\/wp-content\/uploads\/2023\/11\/IMG_9460-scaled.jpeg 1440w\" sizes=\"(max-width: 576px) 100vw, 576px\" \/><\/figure><\/li><li class=\"wp-block-jetpack-slideshow_slide swiper-slide\"><figure><img loading=\"lazy\" decoding=\"async\" width=\"1024\" height=\"576\" alt=\"\" class=\"wp-block-jetpack-slideshow_image wp-image-665\" data-id=\"665\" src=\"https:\/\/diament17.pl\/wp-content\/uploads\/2023\/11\/IMG_9507-1024x576.jpeg\" srcset=\"https:\/\/diament17.pl\/wp-content\/uploads\/2023\/11\/IMG_9507-1024x576.jpeg 1024w, https:\/\/diament17.pl\/wp-content\/uploads\/2023\/11\/IMG_9507-300x169.jpeg 300w, https:\/\/diament17.pl\/wp-content\/uploads\/2023\/11\/IMG_9507-768x432.jpeg 768w, https:\/\/diament17.pl\/wp-content\/uploads\/2023\/11\/IMG_9507-1536x864.jpeg 1536w, https:\/\/diament17.pl\/wp-content\/uploads\/2023\/11\/IMG_9507-2048x1152.jpeg 2048w, https:\/\/diament17.pl\/wp-content\/uploads\/2023\/11\/IMG_9507-533x300.jpeg 533w\" sizes=\"(max-width: 1024px) 100vw, 1024px\" \/><\/figure><\/li><li class=\"wp-block-jetpack-slideshow_slide swiper-slide\"><figure><img loading=\"lazy\" decoding=\"async\" width=\"1024\" height=\"576\" alt=\"\" class=\"wp-block-jetpack-slideshow_image wp-image-666\" data-id=\"666\" src=\"https:\/\/diament17.pl\/wp-content\/uploads\/2023\/11\/IMG_9512-1024x576.jpeg\" srcset=\"https:\/\/diament17.pl\/wp-content\/uploads\/2023\/11\/IMG_9512-1024x576.jpeg 1024w, https:\/\/diament17.pl\/wp-content\/uploads\/2023\/11\/IMG_9512-300x169.jpeg 300w, https:\/\/diament17.pl\/wp-content\/uploads\/2023\/11\/IMG_9512-768x432.jpeg 768w, https:\/\/diament17.pl\/wp-content\/uploads\/2023\/11\/IMG_9512-1536x864.jpeg 1536w, https:\/\/diament17.pl\/wp-content\/uploads\/2023\/11\/IMG_9512-2048x1152.jpeg 2048w, https:\/\/diament17.pl\/wp-content\/uploads\/2023\/11\/IMG_9512-533x300.jpeg 533w\" sizes=\"(max-width: 1024px) 100vw, 1024px\" \/><\/figure><\/li><li class=\"wp-block-jetpack-slideshow_slide swiper-slide\"><figure><img loading=\"lazy\" decoding=\"async\" width=\"576\" height=\"1024\" alt=\"\" class=\"wp-block-jetpack-slideshow_image wp-image-667\" data-id=\"667\" src=\"https:\/\/diament17.pl\/wp-content\/uploads\/2023\/11\/IMG_9514-576x1024.jpeg\" srcset=\"https:\/\/diament17.pl\/wp-content\/uploads\/2023\/11\/IMG_9514-576x1024.jpeg 576w, https:\/\/diament17.pl\/wp-content\/uploads\/2023\/11\/IMG_9514-169x300.jpeg 169w, https:\/\/diament17.pl\/wp-content\/uploads\/2023\/11\/IMG_9514-768x1365.jpeg 768w, https:\/\/diament17.pl\/wp-content\/uploads\/2023\/11\/IMG_9514-864x1536.jpeg 864w, https:\/\/diament17.pl\/wp-content\/uploads\/2023\/11\/IMG_9514-1152x2048.jpeg 1152w, https:\/\/diament17.pl\/wp-content\/uploads\/2023\/11\/IMG_9514-scaled.jpeg 1440w\" sizes=\"(max-width: 576px) 100vw, 576px\" \/><\/figure><\/li><li class=\"wp-block-jetpack-slideshow_slide swiper-slide\"><figure><img loading=\"lazy\" decoding=\"async\" width=\"768\" height=\"1024\" alt=\"\" class=\"wp-block-jetpack-slideshow_image wp-image-660\" data-id=\"660\" src=\"https:\/\/diament17.pl\/wp-content\/uploads\/2023\/11\/IMG_9700-768x1024.jpeg\" srcset=\"https:\/\/diament17.pl\/wp-content\/uploads\/2023\/11\/IMG_9700-768x1024.jpeg 768w, https:\/\/diament17.pl\/wp-content\/uploads\/2023\/11\/IMG_9700-225x300.jpeg 225w, https:\/\/diament17.pl\/wp-content\/uploads\/2023\/11\/IMG_9700-1152x1536.jpeg 1152w, https:\/\/diament17.pl\/wp-content\/uploads\/2023\/11\/IMG_9700.jpeg 1536w\" sizes=\"(max-width: 768px) 100vw, 768px\" \/><\/figure><\/li><li class=\"wp-block-jetpack-slideshow_slide swiper-slide\"><figure><img loading=\"lazy\" decoding=\"async\" width=\"768\" height=\"1024\" alt=\"\" class=\"wp-block-jetpack-slideshow_image wp-image-661\" data-id=\"661\" src=\"https:\/\/diament17.pl\/wp-content\/uploads\/2023\/11\/IMG_9699-768x1024.jpeg\" srcset=\"https:\/\/diament17.pl\/wp-content\/uploads\/2023\/11\/IMG_9699-768x1024.jpeg 768w, https:\/\/diament17.pl\/wp-content\/uploads\/2023\/11\/IMG_9699-225x300.jpeg 225w, https:\/\/diament17.pl\/wp-content\/uploads\/2023\/11\/IMG_9699-1152x1536.jpeg 1152w, https:\/\/diament17.pl\/wp-content\/uploads\/2023\/11\/IMG_9699.jpeg 1536w\" sizes=\"(max-width: 768px) 100vw, 768px\" \/><\/figure><\/li><li class=\"wp-block-jetpack-slideshow_slide swiper-slide\"><figure><img loading=\"lazy\" decoding=\"async\" width=\"576\" height=\"1024\" alt=\"\" class=\"wp-block-jetpack-slideshow_image wp-image-663\" data-id=\"663\" src=\"https:\/\/diament17.pl\/wp-content\/uploads\/2023\/11\/IMG_9660-576x1024.jpeg\" srcset=\"https:\/\/diament17.pl\/wp-content\/uploads\/2023\/11\/IMG_9660-576x1024.jpeg 576w, https:\/\/diament17.pl\/wp-content\/uploads\/2023\/11\/IMG_9660-169x300.jpeg 169w, https:\/\/diament17.pl\/wp-content\/uploads\/2023\/11\/IMG_9660-768x1365.jpeg 768w, https:\/\/diament17.pl\/wp-content\/uploads\/2023\/11\/IMG_9660-864x1536.jpeg 864w, https:\/\/diament17.pl\/wp-content\/uploads\/2023\/11\/IMG_9660-1152x2048.jpeg 1152w, https:\/\/diament17.pl\/wp-content\/uploads\/2023\/11\/IMG_9660-scaled.jpeg 1440w\" sizes=\"(max-width: 576px) 100vw, 576px\" \/><\/figure><\/li><li class=\"wp-block-jetpack-slideshow_slide swiper-slide\"><figure><img loading=\"lazy\" decoding=\"async\" width=\"576\" height=\"1024\" alt=\"\" class=\"wp-block-jetpack-slideshow_image wp-image-664\" data-id=\"664\" src=\"https:\/\/diament17.pl\/wp-content\/uploads\/2023\/11\/IMG_9656-576x1024.jpeg\" srcset=\"https:\/\/diament17.pl\/wp-content\/uploads\/2023\/11\/IMG_9656-576x1024.jpeg 576w, https:\/\/diament17.pl\/wp-content\/uploads\/2023\/11\/IMG_9656-169x300.jpeg 169w, https:\/\/diament17.pl\/wp-content\/uploads\/2023\/11\/IMG_9656-768x1365.jpeg 768w, https:\/\/diament17.pl\/wp-content\/uploads\/2023\/11\/IMG_9656-864x1536.jpeg 864w, https:\/\/diament17.pl\/wp-content\/uploads\/2023\/11\/IMG_9656-1152x2048.jpeg 1152w, https:\/\/diament17.pl\/wp-content\/uploads\/2023\/11\/IMG_9656-scaled.jpeg 1440w\" sizes=\"(max-width: 576px) 100vw, 576px\" \/><\/figure><\/li><li class=\"wp-block-jetpack-slideshow_slide swiper-slide\"><figure><img loading=\"lazy\" decoding=\"async\" width=\"576\" height=\"1024\" alt=\"\" class=\"wp-block-jetpack-slideshow_image wp-image-671\" data-id=\"671\" src=\"https:\/\/diament17.pl\/wp-content\/uploads\/2023\/11\/IMG_9461-576x1024.jpeg\" srcset=\"https:\/\/diament17.pl\/wp-content\/uploads\/2023\/11\/IMG_9461-576x1024.jpeg 576w, https:\/\/diament17.pl\/wp-content\/uploads\/2023\/11\/IMG_9461-169x300.jpeg 169w, https:\/\/diament17.pl\/wp-content\/uploads\/2023\/11\/IMG_9461-768x1365.jpeg 768w, https:\/\/diament17.pl\/wp-content\/uploads\/2023\/11\/IMG_9461-864x1536.jpeg 864w, https:\/\/diament17.pl\/wp-content\/uploads\/2023\/11\/IMG_9461-1152x2048.jpeg 1152w, https:\/\/diament17.pl\/wp-content\/uploads\/2023\/11\/IMG_9461-scaled.jpeg 1440w\" sizes=\"(max-width: 576px) 100vw, 576px\" \/><\/figure><\/li><li class=\"wp-block-jetpack-slideshow_slide swiper-slide\"><figure><img loading=\"lazy\" decoding=\"async\" width=\"576\" height=\"1024\" alt=\"\" class=\"wp-block-jetpack-slideshow_image wp-image-670\" data-id=\"670\" src=\"https:\/\/diament17.pl\/wp-content\/uploads\/2023\/11\/IMG_9466-576x1024.jpeg\" srcset=\"https:\/\/diament17.pl\/wp-content\/uploads\/2023\/11\/IMG_9466-576x1024.jpeg 576w, https:\/\/diament17.pl\/wp-content\/uploads\/2023\/11\/IMG_9466-169x300.jpeg 169w, https:\/\/diament17.pl\/wp-content\/uploads\/2023\/11\/IMG_9466-768x1365.jpeg 768w, https:\/\/diament17.pl\/wp-content\/uploads\/2023\/11\/IMG_9466-864x1536.jpeg 864w, https:\/\/diament17.pl\/wp-content\/uploads\/2023\/11\/IMG_9466-1152x2048.jpeg 1152w, https:\/\/diament17.pl\/wp-content\/uploads\/2023\/11\/IMG_9466-scaled.jpeg 1440w\" sizes=\"(max-width: 576px) 100vw, 576px\" \/><\/figure><\/li><li class=\"wp-block-jetpack-slideshow_slide swiper-slide\"><figure><img loading=\"lazy\" decoding=\"async\" width=\"576\" height=\"1024\" alt=\"\" class=\"wp-block-jetpack-slideshow_image wp-image-669\" data-id=\"669\" src=\"https:\/\/diament17.pl\/wp-content\/uploads\/2023\/11\/IMG_9597-576x1024.jpeg\" srcset=\"https:\/\/diament17.pl\/wp-content\/uploads\/2023\/11\/IMG_9597-576x1024.jpeg 576w, https:\/\/diament17.pl\/wp-content\/uploads\/2023\/11\/IMG_9597-169x300.jpeg 169w, https:\/\/diament17.pl\/wp-content\/uploads\/2023\/11\/IMG_9597-768x1365.jpeg 768w, https:\/\/diament17.pl\/wp-content\/uploads\/2023\/11\/IMG_9597-864x1536.jpeg 864w, https:\/\/diament17.pl\/wp-content\/uploads\/2023\/11\/IMG_9597-1152x2048.jpeg 1152w, https:\/\/diament17.pl\/wp-content\/uploads\/2023\/11\/IMG_9597-scaled.jpeg 1440w\" sizes=\"(max-width: 576px) 100vw, 576px\" \/><\/figure><\/li><li class=\"wp-block-jetpack-slideshow_slide swiper-slide\"><figure><img loading=\"lazy\" decoding=\"async\" width=\"576\" height=\"1024\" alt=\"\" class=\"wp-block-jetpack-slideshow_image wp-image-668\" data-id=\"668\" src=\"https:\/\/diament17.pl\/wp-content\/uploads\/2023\/11\/IMG_9519-576x1024.jpeg\" srcset=\"https:\/\/diament17.pl\/wp-content\/uploads\/2023\/11\/IMG_9519-576x1024.jpeg 576w, https:\/\/diament17.pl\/wp-content\/uploads\/2023\/11\/IMG_9519-169x300.jpeg 169w, https:\/\/diament17.pl\/wp-content\/uploads\/2023\/11\/IMG_9519-768x1365.jpeg 768w, https:\/\/diament17.pl\/wp-content\/uploads\/2023\/11\/IMG_9519-864x1536.jpeg 864w, https:\/\/diament17.pl\/wp-content\/uploads\/2023\/11\/IMG_9519-1152x2048.jpeg 1152w, https:\/\/diament17.pl\/wp-content\/uploads\/2023\/11\/IMG_9519-scaled.jpeg 1440w\" sizes=\"(max-width: 576px) 100vw, 576px\" \/><\/figure><\/li><li class=\"wp-block-jetpack-slideshow_slide swiper-slide\"><figure><img loading=\"lazy\" decoding=\"async\" width=\"768\" height=\"1024\" alt=\"\" class=\"wp-block-jetpack-slideshow_image wp-image-662\" data-id=\"662\" src=\"https:\/\/diament17.pl\/wp-content\/uploads\/2023\/11\/IMG_1433-768x1024.jpeg\" srcset=\"https:\/\/diament17.pl\/wp-content\/uploads\/2023\/11\/IMG_1433-768x1024.jpeg 768w, https:\/\/diament17.pl\/wp-content\/uploads\/2023\/11\/IMG_1433-225x300.jpeg 225w, https:\/\/diament17.pl\/wp-content\/uploads\/2023\/11\/IMG_1433-1152x1536.jpeg 1152w, https:\/\/diament17.pl\/wp-content\/uploads\/2023\/11\/IMG_1433-1536x2048.jpeg 1536w, https:\/\/diament17.pl\/wp-content\/uploads\/2023\/11\/IMG_1433-scaled.jpeg 1920w\" sizes=\"(max-width: 768px) 100vw, 768px\" \/><\/figure><\/li><\/ul><a class=\"wp-block-jetpack-slideshow_button-prev swiper-button-prev swiper-button-white\" role=\"button\"><\/a><a class=\"wp-block-jetpack-slideshow_button-next swiper-button-next swiper-button-white\" role=\"button\"><\/a><a aria-label=\"Pause Slideshow\" class=\"wp-block-jetpack-slideshow_button-pause\" role=\"button\"><\/a><div class=\"wp-block-jetpack-slideshow_pagination swiper-pagination swiper-pagination-white\"><\/div><\/div><\/div>\n","protected":false},"excerpt":{"rendered":"<p>Zapraszamy na spotkania z alpakami&#8230; Alpaki to niezwykle przyjazne i \u0142agodne zwierz\u0119ta z rodziny wielb\u0142\u0105dowatych. Kontakt z nimi pozytywnie wp\u0142ywa na cz\u0142owieka nie tylko ze &hellip;<\/p>\n","protected":false},"author":1,"featured_media":149,"parent":0,"menu_order":0,"comment_status":"closed","ping_status":"closed","template":"","meta":{"om_disable_all_campaigns":false,"_monsterinsights_skip_tracking":false,"_monsterinsights_sitenote_active":false,"_monsterinsights_sitenote_note":"","_monsterinsights_sitenote_category":0,"footnotes":""},"class_list":["post-17","page","type-page","status-publish","has-post-thumbnail","hentry"],"aioseo_notices":[],"jetpack_sharing_enabled":true,"_links":{"self":[{"href":"https:\/\/diament17.pl\/index.php?rest_route=\/wp\/v2\/pages\/17","targetHints":{"allow":["GET"]}}],"collection":[{"href":"https:\/\/diament17.pl\/index.php?rest_route=\/wp\/v2\/pages"}],"about":[{"href":"https:\/\/diament17.pl\/index.php?rest_route=\/wp\/v2\/types\/page"}],"author":[{"embeddable":true,"href":"https:\/\/diament17.pl\/index.php?rest_route=\/wp\/v2\/users\/1"}],"replies":[{"embeddable":true,"href":"https:\/\/diament17.pl\/index.php?rest_route=%2Fwp%2Fv2%2Fcomments&post=17"}],"version-history":[{"count":8,"href":"https:\/\/diament17.pl\/index.php?rest_route=\/wp\/v2\/pages\/17\/revisions"}],"predecessor-version":[{"id":766,"href":"https:\/\/diament17.pl\/index.php?rest_route=\/wp\/v2\/pages\/17\/revisions\/766"}],"wp:featuredmedia":[{"embeddable":true,"href":"https:\/\/diament17.pl\/index.php?rest_route=\/wp\/v2\/media\/149"}],"wp:attachment":[{"href":"https:\/\/diament17.pl\/index.php?rest_route=%2Fwp%2Fv2%2Fmedia&parent=17"}],"curies":[{"name":"wp","href":"https:\/\/api.w.org\/{rel}","templated":true}]}}